In base 8, what is 545 - 4?
541
In base 7, what is -254 - 0?
-254
In base 6, what is -2 - 1310?
-1312
In base 11, what is 23 - -1a?
42
In base 11, what is 1 - -908?
909
In base 13, what is -1 + -91?
-92
In base 4, what is -112 - -23?
-23
In base 2, what is -1010101 - -1001110?
-111
In base 9, what is -47 + -614?
-662
In base 13, what is -1aa2 + 5?
-1a9a
In base 16, what is -1 - 33?
-34
In base 7, what is 111 - -351?
462
In base 8, what is 114 + 3?
117
In base 8, what is -3 - 26?
-31
In base 7, what is 5 - -644?
652
In base 13, what is 14 + -b2b?
-b17
In base 3, what is 22111 - 110?
22001
In base 7, what is -56235 + 5?
-56230
In base 13, what is 589 - -5?
591
In base 8, what is -30 - -1175?
1145
In base 5, what is -220 - 3?
-223
In base 14, what is -28 + -8?
-32
In base 2, what is 101100001 + 101?
101100110
In base 9, what is 48 + -3?
45
In base 5, what is 10 - -3034?
3044
In base 6, what is -30 - 1?
-31
In base 9, what is 1252 + -2?
1250
In base 15, what is 1428 + -3?
1425
In base 3, what is -210000200 + 2?
-210000121
In base 6, what is 32 + 10?
42
In base 8, what is 13 + 256?
271
In base 14, what is -11c - 1?
-11d
In base 8, what is 661 + 15?
676
In base 16, what is 3 + -71a?
-717
In base 9, what is 30 - 63?
-33
In base 8, what is 0 + -5720?
-5720
In base 10, what is -9 + 151?
142
In base 2, what is 10000010000011 + -100?
10000001111111
In base 8, what is 1355 - 2?
1353
In base 11, what is -6 + 5?
-1
In base 11, what is -4 + 495?
491
In base 15, what is b4 + a?
be
In base 6, what is 142244 + 4?
142252
In base 13, what is 31 - -3a?
6b
In base 2, what is 101 - 101010100?
-101001111
In base 7, what is -143 - 1?
-144
In base 13, what is 4 - -68?
6c
In base 9, what is 2 + 125?
127
In base 14, what is 1 + 8?
9
In base 12, what is -3a + 0?
-3a
In base 2, what is -11111 - 101?
-100100
In base 11, what is 3 + 4953?
4956
In base 14, what is -6 - 1d?
-25
In base 7, what is 134 + -3?
131
In base 13, what is 57 + -24?
33
In base 8, what is -1673 + 5?
-1666
In base 12, what is -33 + -2?
-35
In base 3, what is -10010 - 111?
-10121
In base 16, what is 5 + -20?
-1b
In base 4, what is 3 + -200?
-131
In base 10, what is 5 + 60?
65
In base 13, what is -14c + 3?
-149
In base 6, what is 1350 + 10?
1400
In base 12, what is 30 + 86?
b6
In base 5, what is 4331 + -1?
4330
In base 3, what is 1000201 - -1?
1000202
In base 5, what is -2 - 2?
-4
In base 13, what is -5 - -578?
573
In base 9, what is -1017 - -16?
-1001
In base 16, what is 3dcb - 4?
3dc7
In base 10, what is 1 + 1401?
1402
In base 10, what is 1 + 285?
286
In base 6, what is 105 + 20?
125
In base 16, what is d + c?
19
In base 11, what is -3271 - 3?
-3274
In base 12, what is 46 + -8?
3a
In base 9, what is 8346 - -1?
8347
In base 8, what is -5 - -40?
33
In base 10, what is 4281 - 5?
4276
In base 6, what is 0 - -33322?
33322
In base 12, what is 18a - 3?
187
In base 6, what is -150 + -3?
-153
In base 9, what is 76 - 3?
73
In base 14, what is 406 - -1?
407
In base 8, what is -3 + 2463?
2460
In base 10, what is -4 - 21?
-25
In base 2, what is -110 + 100001010?
100000100
In base 6, what is -2151 - -1?
-2150
In base 15, what is -746 + -6?
-74c
In base 4, what is -20020 - -220?
-13200
In base 15, what is 5 + 2b?
31
In base 10, what is -260 + -10?
-270
In base 13, what is 29b + -25?
276
In base 5, what is 3 + 1114?
1122
In base 14, what is 0 + -8c?
-8c
In base 15, what is 3 - -b?
e
In base 9, what is 206 - 26?
170
In base 11, what is -5 - 352?
-357
In base 15, what is -10 - -37?
27
In base 10, what is -3 - 169?
-172
In base 2, what is 0 - 111100001000?
-111100001000
In base 3, what is -20201 + 121?
-20010
In base 16, what is -5 + -5be?
-5c3
In base 14, what is 5 - -a6b?
a72
In base 12, what is 0 - -26?
26
In base 10, what is -3 + -959?
-962
In base 14, what is 5 - -225?
22a
In base 11, what is -123 - -3?
-120
In base 7, what is -124 + -1?
-125
In base 15, what is -3 + 7b6?
7b3
In base 12, what is 282 - 8?
276
In base 8, what is -32 - -6?
-24
In base 14, what is -5 - 749?
-750
In base 10, what is -7 + 1235?
1228
In base 13, what is -5 - -2591?
2589
In base 9, what is 5 + 112?
117
In base 8, what is -10 - 57?
-67
In base 14, what is -35 + -32?
-67
In base 14, what is 4c - 4?
48
In base 14, what is 1b3b + 5?
1b42
In base 14, what is 156 + 1?
157
In base 4, what is -101223313 + -2?
-101223321
In base 4, what is 1113 - 0?
1113
In base 15, what is 4 - -5b?
60
In base 8, what is 4 - -245?
251
In base 6, what is -35 - 4?
-43
In base 5, what is -40430 + 2?
-40423
In base 5, what is 12130 + -1?
12124
In base 4, what is -20022 - -31?
-13331
In base 7, what is -24 - -61?
34
In base 14, what is -9 + 36?
2b
In base 13, what is -2 + 35c?
35a
In base 5, what is 220 + -420?
-200
In base 10, what is -3 - 1825?
-1828
In base 8, what is -1 - 4644?
-4645
In base 8, what is 12747 + -1?
12746
In base 5, what is -2111 + -4?
-2120
In base 2, what is -1000101100001 - 0?
-1000101100001
In base 15, what is -1d - -a?
-13
In base 14, what is 158 + -1?
157
In base 12, what is -23 + -2?
-25
In base 3, what is 10122 - 2?
10120
In base 13, what is 2b + 6?
34
In base 8, what is -20 - -20?
0
In base 3, what is 11 - -1100?
1111
In base 5, what is -4041 - -3?
-4033
In base 10, what is -117 + 58?
-59
In base 4, what is -1 - 232013?
-232020
In base 8, what is 111 - -23?
134
In base 10, what is 1677 + 1?
1678
In base 13, what is -182 - -2?
-180
In base 16, what is 80 + 8?
88
In base 3, what is 1002201002 - -10?
1002201012
In base 11, what is 5 - -897?
8a1
In base 10, what is -6 - 1154?
-1160
In base 4, what is 10 - 201?
-131
In base 12, what is -19 - 12?
-2b
In base 4, what is -201 + -23?
-230
In base 14, what is -16a + -16?
-182
In base 7, what is 3 + -360?
-354
In base 16, what is -2bb + 3?
-2b8
In base 14, what is 44a - -a?
456
In base 10, what is -776 - 2?
-778
In base 16, what is -453 - -5?
-44e
In base 7, what is 5 + -244?
-236
In base 3, what is 211010010 + 0?
211010010
In base 16, what is 127a + -4?
1276
In base 6, what is -32 - 3?
-35
In base 15, what is 0 - 4e?
-4e
In base 3, what is -1 + -10202210?
-10202211
In base 16, what is -b6 + 1?
-b5
In base 8, what is -22 - 20?
-42
In base 11, what is -9 + 42?
34
In base 5, what is -23003 + 1?
-23002
In base 15, what is 11 - -5a?
6b
In base 5, what is -20 + 2?
-13
In base 13, what is -1a + 2?
-18
In base 11, what is 12 + -7?
6
In base 8, what is 1777 + 5?
2004
In base 3, what is -102 + -1?
-110
In base 2, what is -1000001111011 + 11?
-1000001111000
In base 11, what is -27 + 8a?
63
In base 15, what is 4 - 195?
-191
In base 16, what is 310 - 2?
30e
In base 2, what is 1 + 101100001101?
101100001110
In base 4, what is -10312 - 10?
-10322
In base 13, what is -1 + -320a?
-320b
In base 13, what is -1 + -116?
-117
In base 3, what is -1 + 2102?
2101
In base 9, what is 3 + 121?
124
In base 8, what is -3 - 210?
-213
In base 8, what is 51215 + 2?
51217
In base 12, what is 45 - 116?
-91
In base 2, what is 101 + -111010010011?
-111010001110
In base 7, what is 5 + 40?
45
In base 2, what is 111011110101 + 100?
111011111001
In base 15, what is -dda + 4?
-dd6
In base 8, what is 445 - 3?
442
In base 3, what is 1120 + -220?
200
In base 11, what is 22 + 11?
33
In base 6, what is -1 + 4220?
4215
In base 2, what is -101 - 101100?
-110001
In base 4, what is 11 - 223023?
-223012
In base 9, what is 137 - 176?
-38
In base 9, what is -3 - -18?
15
In base 12, what is -5 + 74?
6b
In base 9, what is 1 + 304?
305
In base 8, what is 4 - 460?
-454
In base 3, what is -22 - 200222?
-201021
In base 12, what is -103 - 0?
-103
In base 11, what is -21a - 0?
-21a
In base 13, what is 676 - 4?
672
In base 6, what is -4 - -2103?
2055
In base 7, what is 3256 - 3?
3253
In base 11, what is -1 - 301?
-302
In base 13, what is -2 + -36?
-38
In base 7, what is 10 + 15?
25
In base 16, what is 18 + 4?
1c
In base 16, what is 4f + 16?
65
In base 13, what is -3 + -b1?
-b4
In base 8, what is -361 + -4?
-365
In base 15, what is -57 + b?
-4b
In base 15, what is -2d + 5?
-28
In base 10, what is 19 + 3?
22
In base 2, what is 11001 - -100?
11101
In base 4, what is -100 - 3?
-103
In base 8, what is 10 - -553?
563
In base 13, what is -2 + -2c?
-31
In base 10, what is -4 - 538?
-542
In base 2, what is 100111100 + -100?
100111000
In base 15, what is -3 + 36?
33
In bas